
{"id":26,"date":"2006-01-01T00:00:00","date_gmt":"2006-01-01T00:00:00","guid":{"rendered":"http:\/\/alhama.com\/blog\/ausencias\/contacto\/"},"modified":"2024-05-01T13:40:49","modified_gmt":"2024-05-01T11:40:49","slug":"contacto","status":"publish","type":"page","link":"https:\/\/ausencias.es\/alhama\/?page_id=26","title":{"rendered":"Contacto"},"content":{"rendered":"<p align=\"center\"><span style=\"font-size: 18pt; color: #993300;\"><strong>Contacte con nosotros<\/strong><\/span><\/p>\n<p>Los contactos se pueden hacer de dos maneras:<\/p>\n<p>&#8211; Utilizado <strong>TELEGRAM<\/strong> en el <strong>628 669 460<\/strong> (<strong>no admitimos WhatsApp<\/strong>)<\/p>\n<p>&#8211; Por correo electr\u00f3nico a: <a href=\"mailto:ausencias.es@gmail.com\">ausencias.es@gmail.com<\/a><\/p>\n<p>Usted puede contactar con nosotros para hacer inclusiones, modificaciones, solicitar informaci\u00f3n, enviarnos datos y fotos, etc.<\/p>\n<p><strong>Recuerde que<\/strong>:<\/p>\n<p>&#8211; Entendemos que se ha le\u00eddo y conoce la <strong>normativa de la p\u00e1gina<\/strong>.<\/p>\n<p>&#8211; No atendemos an\u00f3nimos y deber\u00e1 incluir su\u00a0correo electr\u00f3nico y\u00a0un tel\u00e9fono de contacto.<\/p>\n<p>&#8211; Especifique claramente el motivo de su contacto.<\/p>\n<p>&#8211; <strong>Si es usted amigo, familiar o empresa funeraria y quiere que demos un alta<\/strong>;\u00a0adj\u00fantenos el carnet de identidad escaneado por ambas caras, una foto reciente (o se utilizar\u00e1 la del carnet de identidad) y la fecha de defunci\u00f3n. Tambi\u00e9n nos puede indicar los datos del entierro y cualquier otra cosa que considere de inter\u00e9s y quiera que publiquemos. <strong>NOTA<\/strong>.- No se admiten fotocopias por la mala calidad de las mismas y la imposibilidad de verificar la veracidad de lo enviado.<\/p>\n<p>&#8211; <strong>Los apodos<\/strong> s\u00f3lo se ponen si son solicitados por la propia familia.<\/p>\n<p>&#8211; <strong>Si su referencia es sobre alg\u00fan contenido<\/strong>; identifique claramente la fecha y el nombre completo al que se refiere.<\/p>\n<p>&#8211; <strong>Si su referencia es sobre alguna correcci\u00f3n<\/strong>; identifique claramente la fecha y el nombre completo al que se refiere y el motivo de la correcci\u00f3n.<\/p>\n<p>&#8211; <strong>Si su referencia es para incluir alguna foto, o sustituir la que aparece<\/strong>; identifique claramente la fecha y el nombre completo al que se refiere y, si es sustituci\u00f3n, el motivo de \u00e9sta.<\/p>\n<p>&#8211; Tenga en cuenta que si nos surge alguna duda de identificaci\u00f3n en alg\u00fan sentido no efectuaremos ninguna correcci\u00f3n o modificaci\u00f3n.<\/p>\n<p>&#8211; Nos exime de cualquier tipo de responsabilidad.<\/p>\n<p>&#8211; Esta p\u00e1gina se rige por la legislaci\u00f3n espa\u00f1ola y europea.<\/p>\n<p>&nbsp;<\/p>\n<p><img loading=\"lazy\" decoding=\"async\" class=\"aligncenter\" src=\"http:\/\/ausencias.es\/img\/rosa_60x60.png\" width=\"60\" height=\"60\" \/><\/p>\n<h2><\/h2>\n<h2><span style=\"color: #800000;\">Puede solicitar inclusi\u00f3n, modificaci\u00f3n u observaci\u00f3n en la agenda o en la web.<br \/>\n<\/span><\/h2>\n<p>indicando claramente su petici\u00f3n, si es para <strong>incluir<\/strong> a alguien, o para hacer una<strong> modificaci\u00f3n<\/strong> sobre alguna de las personas que recogemos en la web.<\/p>\n<p><strong>Si es para una inclusi\u00f3n es obligatorio:<\/strong><br \/>\n&#8211; Nombre completo y n\u00famero de tel\u00e9fono de la persona que hace la solicitud.<br \/>\n&#8211; Nombre completo del fallecido.<br \/>\n&#8211; D\u00eda, mes y a\u00f1o de nacimiento.<br \/>\n&#8211; D\u00eda, mes y a\u00f1o de fallecimiento.<br \/>\n&#8211; Lugar de fallecimiento.<br \/>\n&#8211; Lugar de enterramiento o incineraci\u00f3n.<br \/>\n&#8211; Foto (si est\u00e1 con m\u00e1s gente lo recortamos)<br \/>\n&#8211; Si el fallecimiento es el mismo d\u00eda o est\u00e1 en tiempo: tanatorio, hora del entierro, iglesia, etc.<br \/>\n&#8211; Cualquier cosa que se quiera aportar.<br \/>\n&#8211; Si hubiese funeral, homenaje, etc., y se nos indica el d\u00eda lo incluiremos en la Agenda.<\/p>\n<p>Ante cualquier duda NO HACEMOS NADA.<\/p>\n<p>&nbsp;<\/p>\n<p><img loading=\"lazy\" decoding=\"async\" class=\"aligncenter\" src=\"http:\/\/ausencias.es\/img\/rosa_60x60.png\" width=\"60\" height=\"60\" \/><\/p>\n<p>&nbsp;<\/p>\n","protected":false},"excerpt":{"rendered":"<p>Contacte con nosotros Los contactos se pueden hacer de dos maneras: &#8211; Utilizado TELEGRAM en el 628 669 460 (no admitimos WhatsApp) &#8211; Por correo electr\u00f3nico a: ausencias.es@gmail.com Usted puede contactar con nosotros para hacer inclusiones, modificaciones, solicitar informaci\u00f3n, enviarnos datos y fotos, etc. Recuerde que: &#8211; Entendemos que se ha le\u00eddo y conoce laSeguir leyendo &rarr;<\/p>\n","protected":false},"author":1,"featured_media":0,"parent":0,"menu_order":0,"comment_status":"closed","ping_status":"open","template":"","meta":{"footnotes":""},"class_list":["post-26","page","type-page","status-publish","hentry","no-thumb"],"_links":{"self":[{"href":"https:\/\/ausencias.es\/alhama\/index.php?rest_route=\/wp\/v2\/pages\/26","targetHints":{"allow":["GET"]}}],"collection":[{"href":"https:\/\/ausencias.es\/alhama\/index.php?rest_route=\/wp\/v2\/pages"}],"about":[{"href":"https:\/\/ausencias.es\/alhama\/index.php?rest_route=\/wp\/v2\/types\/page"}],"author":[{"embeddable":true,"href":"https:\/\/ausencias.es\/alhama\/index.php?rest_route=\/wp\/v2\/users\/1"}],"replies":[{"embeddable":true,"href":"https:\/\/ausencias.es\/alhama\/index.php?rest_route=%2Fwp%2Fv2%2Fcomments&post=26"}],"version-history":[{"count":30,"href":"https:\/\/ausencias.es\/alhama\/index.php?rest_route=\/wp\/v2\/pages\/26\/revisions"}],"predecessor-version":[{"id":6628,"href":"https:\/\/ausencias.es\/alhama\/index.php?rest_route=\/wp\/v2\/pages\/26\/revisions\/6628"}],"wp:attachment":[{"href":"https:\/\/ausencias.es\/alhama\/index.php?rest_route=%2Fwp%2Fv2%2Fmedia&parent=26"}],"curies":[{"name":"wp","href":"https:\/\/api.w.org\/{rel}","templated":true}]}}