
{"id":25,"date":"2006-01-01T00:00:00","date_gmt":"2006-01-01T00:00:00","guid":{"rendered":"http:\/\/alhama.com\/blog\/ausencias\/normativa\/"},"modified":"2024-02-10T10:57:19","modified_gmt":"2024-02-10T09:57:19","slug":"normativa","status":"publish","type":"page","link":"https:\/\/ausencias.es\/arenasdelrey\/normativa\/","title":{"rendered":"Normativa"},"content":{"rendered":"<p align=\"center\"><span style=\"color: #993300; font-size: 18pt;\"><strong>Normativa de esta p\u00e1gina<\/strong>\u00a0<\/span><\/p>\n<p>\u00a0Esta p\u00e1gina est\u00e1 dedicada a recordar a las personas que por familiaridad, amistad, afinidad, conocimiento o sentimiento han formado parte de nuestra vida, han significado algo para nosotros o simplemente queremos tenerlas presentes.<\/p>\n<p>Es una p\u00e1gina laica que no utiliza s\u00edmbolos religiosos, pero que respeta cualquier creencia, y lo que los usuarios queran dejar\u00a0en textos\u00a0o im\u00e1genes.<\/p>\n<p>Se inici\u00f3 en enero de 2006 recogiendo los fallecimientos locales, aunque\u00a0 figuran algunos acontecimientos anteriores que fueron\u00a0 recogidos por Alhama Comunicaci\u00f3n, y que en su d\u00eda fueron noticia y conmocionaron a los vecinos.<\/p>\n<p>Tampoco tenemos ning\u00fan inconveniente en incluir a cualquier persona que nos sea solicitada, independientemente de la fecha o del tiempo transcurrido, siempre y cuando sea de nuestra comarca.<\/p>\n<p>Esta p\u00e1gina no depende de ninguna instituci\u00f3n, los fallecimientos que se recogen son los que nos enteramos que se han producido en Alhama de Granada y pueblos de la Comarca, o los que nos puedan comunicar las familias o empresas funerarias, por lo que no admite reclamaciones en este sentido, intentamos de buena f\u00e9 que figuren todos, pero si alguno no es recogido agradeceremos de su informaci\u00f3n para incluirlo.<\/p>\n<p>&nbsp;<\/p>\n<p align=\"center\"><img loading=\"lazy\" decoding=\"async\" class=\"aligncenter\" src=\"http:\/\/ausencias.es\/img\/rosa_60x60.png\" width=\"60\" height=\"60\" \/><\/p>\n<p>&nbsp;<\/p>\n<p><strong>1<\/strong>.- Pueden incluir en esta p\u00e1gina a las personas que deseen. Nos tendr\u00e1n que enviar un correo electr\u00f3nico a <a href=\"mailto:ausencias.es@gmail.com\" target=\"_blank\" rel=\"noopener\"><strong>ausencias.es@gmail.com<\/strong><\/a> con los siguientes datos.<\/p>\n<p>&#8211; Nombre de la persona<\/p>\n<p>&#8211; Fecha de nacimiento, o a\u00f1o y fecha de fallecimiento (obligatoria)<\/p>\n<p>&#8211; Si lo hace el mismo d\u00eda del fallecimiento nos puede facilitar la fecha y hora del entierro o incineraci\u00f3n, y el recorrido del cortejo.<\/p>\n<p>&#8211; Una foto lo m\u00e1s reciente posible o la del carnet de identidad<\/p>\n<p>&#8211; Admite que\u00a0el comunicante\u00a0se hace responsable de los datos enviados.<\/p>\n<p>Alhama Comunicaci\u00f3n comprobar\u00e1 lo antes posible la veracidad de los datos recibidos para una correcta publicaci\u00f3n.<\/p>\n<p><strong>2<\/strong>.- Una vez lo datos son introducidos ya no se modifican, a no ser para corregir alg\u00fan error, y ya quedan as\u00ed para siempre.<\/p>\n<p><strong>3<\/strong>.- Si no se indica lo contrario, o se considera oportuna otra cosa, los visitantes podr\u00e1n incluir comentarios de recuerdos hacia la persona referida.<\/p>\n<p><strong>4<\/strong>.- Mucho agradecer\u00edamos nos facilitaran una foto de las personas que no la tienen.<\/p>\n<p><strong>5<\/strong>.- Alhama Comunicaci\u00f3n actuar\u00e1 de la forma que considere m\u00e1s oportuna para el mantenimiento de esta p\u00e1gina, y no se hace responsable de ninguna reclamaci\u00f3n en cualquier sentido.<\/p>\n<p><strong>6<\/strong>.- Esta p\u00e1gina se rige por la legislaci\u00f3n espa\u00f1ola y europea.<\/p>\n<p align=\"center\"><img loading=\"lazy\" decoding=\"async\" class=\"aligncenter\" src=\"http:\/\/ausencias.es\/img\/rosa_60x60.png\" width=\"60\" height=\"60\" \/><\/p>\n","protected":false},"excerpt":{"rendered":"<p>Normativa de esta p\u00e1gina\u00a0 \u00a0Esta p\u00e1gina est\u00e1 dedicada a recordar a las personas que por familiaridad, amistad, afinidad, conocimiento o sentimiento han formado parte de nuestra vida, han significado algo para nosotros o simplemente queremos tenerlas presentes. Es una p\u00e1gina laica que no utiliza s\u00edmbolos religiosos, pero que respeta cualquier creencia, y lo que losSeguir leyendo &rarr;<\/p>\n","protected":false},"author":1,"featured_media":0,"parent":0,"menu_order":0,"comment_status":"closed","ping_status":"open","template":"","meta":{"footnotes":""},"class_list":["post-25","page","type-page","status-publish","hentry","no-thumb"],"_links":{"self":[{"href":"https:\/\/ausencias.es\/arenasdelrey\/wp-json\/wp\/v2\/pages\/25","targetHints":{"allow":["GET"]}}],"collection":[{"href":"https:\/\/ausencias.es\/arenasdelrey\/wp-json\/wp\/v2\/pages"}],"about":[{"href":"https:\/\/ausencias.es\/arenasdelrey\/wp-json\/wp\/v2\/types\/page"}],"author":[{"embeddable":true,"href":"https:\/\/ausencias.es\/arenasdelrey\/wp-json\/wp\/v2\/users\/1"}],"replies":[{"embeddable":true,"href":"https:\/\/ausencias.es\/arenasdelrey\/wp-json\/wp\/v2\/comments?post=25"}],"version-history":[{"count":3,"href":"https:\/\/ausencias.es\/arenasdelrey\/wp-json\/wp\/v2\/pages\/25\/revisions"}],"predecessor-version":[{"id":1061,"href":"https:\/\/ausencias.es\/arenasdelrey\/wp-json\/wp\/v2\/pages\/25\/revisions\/1061"}],"wp:attachment":[{"href":"https:\/\/ausencias.es\/arenasdelrey\/wp-json\/wp\/v2\/media?parent=25"}],"curies":[{"name":"wp","href":"https:\/\/api.w.org\/{rel}","templated":true}]}}